 23))
33
Evaluate 14 + (2 - (-74 + 41 - 0)).
49
Evaluate 1 + 14 - (-52 - -23 - -24).
20
What is the value of (-34 - -1) + 979 + -962?
-16
What is the value of 129 + (12 - (18 + 45 + 0))?
78
What is 60 + (7 - (-3 - -6) - (-3 - (-1 - -3)))?
69
What is (4 - 21) + (-19 + (-7 - -34) - -11)?
2
What is (3707 - 3665) + (-2 + 0 - (6 + -13))?
47
Calculate (-638 - -624) + -1 + -18 + -21.
-54
Evaluate 21 + 19 + 36 + (40 - 105).
11
Calculate (14 - 4 - -4) + -2 + -4 + 1.
9
Calculate 108 + -63 + (-32 - -62).
75
Evaluate 804 + -910 - (-19 + -163).
76
Calculate 26 + (10 - -15) + -13.
38
What is the value of (311 - -19) + -430 + 23 + -1?
-78
(-19 - -21) + -26 + 39 + -19
-4
-3 - ((-4 - 19) + 27) - (-2 - 1)
-4
Calculate (-34 + 59 - 53) + 91.
63
What is the value of 1116 + -1114 + -26 + 2?
-22
Calculate -8 + (-10 - -9) - -25 - -7.
23
Evaluate (-2 - (36 + (-6 - (5 + -14 - 4)))) + 8.
-37
Calculate 2 - (2 - (-16 - ((-10 - -17) + -4))).
-19
Calculate (-107 - -121) + -24 + 7 + -3.
-6
Calculate (-2 - 33) + 1 - (67 + -54 + (-9 - 1)).
-37
What is the value of -88 + 57 + 24 + (7 - (2 + -1)) - 6?
-7
What is -323 - -310 - (-155 - -23)?
119
Calculate 17 + (-29 - -46) - (14 - (3 + -3)).
20
What is 141 + (116 - (-106 - -317))?
46
6 + (-2 - (-2 + 6)) + -1 - 4
-5
-137 - -116 - (2 - (2 - -87))
66
2 + 0 + (26 - 1) - (8912 - 8903)
18
-266 + 386 + (-3 - 94)
23
Evaluate 40 - (87 + 70 + -202).
85
What is (75 - (-1 + (19 - -17))) + -5?
35
What is (0 - 5 - -14 - 66) + -17 - 6?
-80
Calculate 1 + (1 - 62) + 68 + (-96 - 55 - -86).
-57
(18 - 13) + 27 + 8 + -21
19
What is (4 + -9 - -9) + (7 - -11) + -10?
12
Calculate (-29 - 10) + 8 + 35.
4
Calculate -16 - (-40 + 28 - (-8 - -55 - -4)).
47
Evaluate 3 + 21 - (-9437 + 9598).
-137
Calculate 8 - ((-8 - (-1 - -5) - -12) + 42).
-34
(8 - (-4 + 63 - 1)) + (8 + -6 - -1)
-47
What is (-4467 - -4478) + 3 + 2?
16
What is the value of 0 + -29 - ((6 - 6) + 13)?
-42
Evaluate (-3163 - -3201) + (-6 - -73).
105
What is 153 + -170 - (15 + (-6 - -13))?
-39
Evaluate 0 + (13 - (-9 + 3 - -5)) - (-639 + 643).
10
-107 + 42 + (46 - 2)
-21
Evaluate 43 - (-8 - 1 - (288 - 288) - -4).
48
Calculate 85 + -44 + -27 + -4 + 1 + 1 + 88.
100
45 - ((37 + -30 - -2) + (-2 + 0 - 0))
38
Calculate (-20 - (3 + -15) - -17) + -38 + 0.
-29
-2 + -3 + (1 - 4) + (29 - (22 - 35))
34
Calculate 14 + -4 + -9 + 22 + -6 + -7.
10
What is the value of 99 - (43 + 8) - 65?
-17
(193 - 187) + -4 + 2 + 0 + 45
49
Calculate 39 + 3 - (-1 + -39 + 30).
52
Evaluate -7 + -15 - (-15 + -11) - (0 + 22 + -2).
-16
15 + 24 - ((-8 - 9) + 14 - -13)
29
(-41 - -23 - -132) + (0 - 7 - (1 - 0))
106
Evaluate 71 - (-7 + 9 + 2) - 12.
55
(-17 - (12 + -100)) + 2
73
Evaluate (34 + -18 - 14) + 4 + 0 + -7 - 32.
-33
What is the value of (-36 - (-13 - 13)) + (3 - (3 + 0 - 66))?
56
What is the value of (195 - 247) + (3 - -63) - (-2 + 1)?
15
9 - -1 - (44 + 33 + 23 - -38)
-128
Calculate -79 + ((-13 - -15) + -48 - -12).
-113
Calculate (-22 - -69) + -37 + 16 + 7.
33
Calculate -8 + (-42 + -14 - -1).
-63
Evaluate 9 + -9 + -10 + 15 - 23.
-18
What is the value of -26 - (-142 + 50) - 46?
20
What is -12 + 46 + (12 + -4 - 13) + 10?
39
What is the value of (8 - -54) + -10 + -17 + -3?
32
What is the value of -5 + -37 - (-8 + (-14 - -12) - 5)?
-27
Evaluate 268 + -146 + -135 + 55 + 2.
44
What is the value of 1 + -2 + -5 + (10 - 5) + 8 + -41?
-34
What is the value of (9 - 31) + -232 + 262?
8
(-2 + 0 - (-13 + 15)) + 15 + (-117 - -1)
-105
Evaluate 0 - -9 - (-24 - (-73 - -38)) - (-5 - 72).
75
Evaluate (3 - (-58 - -13 - 15)) + -17 + 0.
46
What is the value of (89 - 138) + 43 - (34 + -4)?
-36
What is the value of -112 + (114 - 18) + -27?
-43
Evaluate (-97 - -61) + -66 + 106.
4
Calculate -31 + 3 + -99 + 143 - -15.
31
-29 + 8 - -37 - (-4 + (-1 - 4) + 3)
22
-6 + (33 - 8) + (-30 - -14)
3
Evaluate 12 - (-11 + (-2 - -10) + 0 + -3 + 6).
12
What is (0 - (-5 - 0)) + -18 + 13 + (-53 - -17)?
-36
-25 + 0 + (67 - 28) + (14 - -1)
29
Calculate (172 - (23 + 60)) + -11.
78
Evaluate (2 - 0) + (179 - 129) + -33.
19
(-12 - -3) + 0 - (-3 + (-14 - (0 - -15)))
23
What is the value of -34 - 7 - (43 - 77) - -2?
-5
Evaluate 1 + -6 + 18 + 5.
18
Calculate 64 + 12 + (8 - (-15 - (-7 + -17))).
75
Calculate -121 - (2605 + -2584 - (29 + -1)).
-114
What is (-9 - 7) + 36 + (86 - 32)?
74
What is the value of 33 + -32 + 78 - 103?
-24
What is the value of -60 + 31 + 39 + -2?
8
What is -12 + 35 + (20 - 42) + 45?
46
-6 - (-63 - (-11 + 21 + -21))
46
Calculate 25 + (1 - 16 - -3 - (-13 + -3)).
29
What is the value of 43 - (0 + (2 - (3 - (0 - 13))))?
57
What is 0 - 11 - (-58 + 29 - -56)?
-38
35 + (-7 - -24) + -26 + 18
44
What is the value of 1 + -14 + -4 + (-40 + 88 - 38)?
-7
What is the value of 33 + -92 + -7 + (5 + -3 - 3 - -3)?
-64
What is the value of (65 + -10 + 2 - (3 + 3)) + 17?
68
What is 63 + (2 - -43 - (604 - 600))?
104
Calculate -46 - (-1 - (69 + -102)).
-78
-35 + 136 + (-73 - 22)
6
What is -1 - (64 + -52 - 46)?
33
Calculate (19 + -11 + -24 + 10 - -4) + (3 - 97).
-96
What is -11 + (51 - 177) - -76?
-61
Evaluate -66 + (332 - 327 - (1 + -10) - 11).
-63
Evaluate 815 + -839 - (-1 - -2).
-25
What is (-58 - (35 + -29 + -62)) + (-17 - -1) + -1?
-19
What is (-8 - -8 - 17) + 88 + -81?
-10
Calculate 162 + -176 + -2 + 1 + 53.
38
Evaluate -2 + -1 + 50 + (-3035 - -3042).
54
Evaluate 196 - 270 - (-53 + 2).
-23
What is (-19777 - -19815) + (-1 - 14) + 2?
25
Evaluate -103 + 1 + -12601 + 12688.
-15
What is (-46 - (-105 - -48)) + (4 - -19)?
34
Calculate -4844 + 4968 + (-148 - -2).
-22
(115 - 486) + 257 + -3 + 0 + -14
-131
19 + -150 + 66 + 58
-7
76 - (-1 - (9 + -30))
56
Calculate (-98 - -168) + -104 + (1 - 18).
-51
Calculate 19 - (-2 + 14 + -13).
20
(128 + -126 - (62 + 1 + 1)) + (-4 - -16)
-50
What is -19 + 16 + 16 - (-15 + 20)?
8
25 - (-14 + 23 - -7 - -49)
-40
Calculate 92 + -40 + -96 - -16.
-28
What is -9 + (-19 - (-1 - (1 - -23)))?
-3
What is -3 + (3 - 6 - 14) - 1?
-21
-59 - (-5 - (-7 - (-13 - (8 - (4 - -9)))))
-53
-3 + 1 + 3 + -157 + -145 + (285 - 126)
-142
What is the value of -10 + 1 + 13 + 13 - 29?
-12
What is 0 - 20 - -4 - (46 + -54 - 57)?
49
What is 138 + (-13 - 73) - 51?
1
Calculate -1 - (-12 - -22 - 20 - 5 - -14).
0
What is the value of -93 + 37 + 77 - (0 + 19)?
2
(11 - (3 - -4)) + -16 + (0 - 13 - -9)
-16
Evaluate -20 - (-57 - -5 - (4 + -2)).
34
What is 16 + (-273 + 272 - (-37 + -2) - (10 - 0))?
44
Evaluate -6 + 3 - 16 - (85 + (-17 - 18)).
-69
What is the value of (-17 - (18 - 15 - 60)) + -11?
29
What is the value of 1 + 50 + -3 + 3?
51
What is 154 + (-77 - -18 - -10)?
105
Calculate 41 - 27 - (-19 + 23 - (-2 + 27)).
35
What is -4 - (-31 - (-34 - (-14 + 21 + -20)))?
6
What is the value of -11 - (1 + -40 - (70 - (140 + -64)))?
22
Evaluate (3 - (7 + -10)) + -2 + -7 - (332 - 195).
-140
Evaluate 102 + -121 + -76 + 76.
-19
(3 - (9 - 3)) + 56 + -8 + -8 + -11
26
-3 + -2 + -29 + (-45 - -92) + -122
-109
What is the value of -29 + 3 + -103 + 51 + 32?
-46
1 + 5 + 4 - (0 + 18 - (-76 + 90))
6
What is the value of ((2 - (-3 - 2)) + -7 - 38) + 1 + -6?
-43
What is (6 - -7) + 54 + (28 - (14 - -4))?
77
Evaluate (-1 - 13) + -70 + 3 + -3 + (562 - 550).
-72
What is -38 - ((37 + -12 - 35) + 1 + -2 - -9)?
-36
Calculate -55 + 5 + 5 + (-13 - -4) + (9 - 23).
-68
Evaluate -11 + 109 + -19 - (-9 + (-16 + 9 - -11)).
84
Evaluate 2 + 20 - (8 - (24 + -46 + 38)).
30
Evaluate 10 + (-48 - (-1 + (13 - 11) - 8) - -10).
-21
What is 10 + -10 - ((6 - -8) + -24 + 6)?
4
Calculate (7 - 18) + (-36 - (-2 - 17)).
-28
Calculate (-115 + -6 - 5) + (76 - 99) + 40.
-109
What is 48 + (36 - 72) + 66?
78
What is 64 - (9 + -1 - 9) - (18 - 15)?
62
What is 3 + -1 - (-7 + 15 - -6) - (82 + -93)?
-1
476 - 525 - (-27 + -2)
-20
Calculate 15 - (31 - (35 - (14 - -9))).
-4
(-5 - (-7 + 1 - 8)) + 3 + (-3 - 33)
-24
Calculate 38 + -44 + -105 + 94.
-17
(-2 - (4 + -4) - -13) + 32 + 45 + -29
59
What is the value of 0 + -20 + -11 - ((-3 - 1) + 0)?
-27
(-235 - -234) + -5 + 10 + -3 + 7
8
Calculate -6 + -17 + -23 + 24 - 27.
-49
Evaluate 51 + (-33 - (-8 + -5) - -14) + 0.
45
What is (-1 - (45 + -4)) + (-385 - -402) + 0 + 2?
-23
Calculate 31 + 674 + -652 + (-12 - 1) + 2.
42
What is the value of 132 + -9 + 18 + -36 + (4 - 30)?
79
What is (-28 - -45 - 16) + 32 - -32?
65
What is -47 - ((224 + -181 - (17 + 2)) + -37)?
-34
What is 175 - 61 - 8 - (1 + 0 - (-3 + 6))?
108
Calculate